CRAN Package Check Results for Package vcrpart

Last updated on 2019-03-15 16:57:59 CET.

Flavor Version Tinstall Tcheck Ttotal Status Flags
r-devel-linux-x86_64-debian-clang 1.0-2 19.17 113.06 132.23 OK
r-devel-linux-x86_64-debian-gcc 1.0-2 15.08 86.40 101.48 OK
r-devel-linux-x86_64-fedora-clang 1.0-2 166.69 OK
r-devel-linux-x86_64-fedora-gcc 1.0-2 150.19 OK
r-devel-windows-ix86+x86_64 1.0-2 34.00 188.00 222.00 OK
r-patched-linux-x86_64 1.0-2 13.76 101.95 115.71 OK
r-patched-solaris-x86 1.0-2 209.80 OK
r-release-linux-x86_64 1.0-2 16.12 103.13 119.25 OK
r-release-windows-ix86+x86_64 1.0-2 41.00 185.00 226.00 OK
r-release-osx-x86_64 1.0-2 OK
r-oldrel-windows-ix86+x86_64 1.0-2 24.00 157.00 181.00 ERROR
r-oldrel-osx-x86_64 1.0-2 OK

Check Details

Version: 1.0-2
Check: running examples for arch ‘i386’
Result: ERROR
    Running examples in 'vcrpart-Ex.R' failed
    The error most likely occurred in:
    
    > ### Name: contr.wsum
    > ### Title: Contrast matrices
    > ### Aliases: contr.wsum
    >
    > ### ** Examples
    >
    > x <- factor(rep(LETTERS[1:3], c(10, 20, 30)))
    > contr.wsum(x) # standard call
     A B
    A 1.0000000 0.0000000
    B 0.0000000 1.0000000
    C -0.3333333 -0.6666667
    > contr.wsum(x, sparse = TRUE) # using a sparse matrix
    3 x 2 sparse Matrix of class "dgCMatrix"
    Error in isFALSE(suppRows) : could not find function "isFALSE"
    Calls: <Anonymous> -> <Anonymous> -> printSpMatrix2
    Execution halted
Flavor: r-oldrel-windows-ix86+x86_64

Version: 1.0-2
Check: running examples for arch ‘x64’
Result: ERROR
    Running examples in 'vcrpart-Ex.R' failed
    The error most likely occurred in:
    
    > ### Name: contr.wsum
    > ### Title: Contrast matrices
    > ### Aliases: contr.wsum
    >
    > ### ** Examples
    >
    > x <- factor(rep(LETTERS[1:3], c(10, 20, 30)))
    > contr.wsum(x) # standard call
     A B
    A 1.0000000 0.0000000
    B 0.0000000 1.0000000
    C -0.3333333 -0.6666667
    > contr.wsum(x, sparse = TRUE) # using a sparse matrix
    3 x 2 sparse Matrix of class "dgCMatrix"
    Error in isFALSE(suppRows) : could not find function "isFALSE"
    Calls: <Anonymous> -> <Anonymous> -> printSpMatrix2
    Execution halted
Flavor: r-oldrel-windows-ix86+x86_64