CRAN Package Check Results for Package rpart

Last updated on 2017-05-26 14:46:48.

Flavor Version Tinstall Tcheck Ttotal Status Flags
r-devel-linux-x86_64-debian-clang 4.1-11 7.17 35.06 42.23 NOTE
r-devel-linux-x86_64-debian-gcc 4.1-11 8.14 35.35 43.49 NOTE
r-devel-linux-x86_64-fedora-clang 4.1-11 79.95 NOTE
r-devel-linux-x86_64-fedora-gcc 4.1-11 75.44 NOTE
r-devel-windows-ix86+x86_64 4.1-11 44.00 141.00 185.00 OK
r-patched-linux-x86_64 4.1-11 13.93 35.26 49.18 NOTE
r-patched-solaris-sparc 4.1-11 OK
r-patched-solaris-x86 4.1-11 OK
r-release-linux-x86_64 4.1-11 6.18 34.29 40.47 NOTE
r-release-windows-ix86+x86_64 4.1-11 49.00 93.00 142.00 OK
r-release-osx-x86_64 4.1-11 OK
r-oldrel-windows-ix86+x86_64 4.1-11 67.00 74.00 141.00 OK
r-oldrel-osx-x86_64 4.1-11 OK

Check Details

Version: 4.1-11
Check: top-level files
Result: NOTE
    Non-standard file/directory found at top level:
     ‘Changelog.TMT’
Flavors: r-devel-linux-x86_64-debian-clang, r-devel-linux-x86_64-debian-gcc, r-devel-linux-x86_64-fedora-clang, r-devel-linux-x86_64-fedora-gcc, r-patched-linux-x86_64, r-release-linux-x86_64