CRAN Package Check Results for Package rpart

Last updated on 2017-07-25 14:46:51.

Flavor Version Tinstall Tcheck Ttotal Status Flags
r-devel-linux-x86_64-debian-clang 4.1-11 7.25 46.39 53.63 NOTE
r-devel-linux-x86_64-debian-gcc 4.1-11 7.18 45.81 52.99 NOTE
r-devel-linux-x86_64-fedora-clang 4.1-11 80.10 NOTE
r-devel-linux-x86_64-fedora-gcc 4.1-11 80.41 NOTE
r-devel-windows-ix86+x86_64 4.1-11 66.00 84.00 150.00 OK
r-patched-linux-x86_64 4.1-11 7.79 46.52 54.30 NOTE
r-patched-solaris-x86 4.1-11 OK
r-release-linux-x86_64 4.1-11 12.45 47.34 59.79 NOTE
r-release-windows-ix86+x86_64 4.1-11 46.00 113.00 159.00 OK
r-release-osx-x86_64 4.1-11 OK
r-oldrel-windows-ix86+x86_64 4.1-11 42.00 121.00 163.00 OK
r-oldrel-osx-x86_64 4.1-11 OK

Check Details

Version: 4.1-11
Check: top-level files
Result: NOTE
    Non-standard file/directory found at top level:
     ‘Changelog.TMT’
Flavors: r-devel-linux-x86_64-debian-clang, r-devel-linux-x86_64-debian-gcc, r-devel-linux-x86_64-fedora-clang, r-devel-linux-x86_64-fedora-gcc, r-patched-linux-x86_64, r-release-linux-x86_64