CRAN Package Check Results for Package rpart

Last updated on 2018-01-05 17:48:42 CET.

Flavor Version Tinstall Tcheck Ttotal Status Flags
r-devel-linux-x86_64-debian-clang 4.1-11 8.02 53.64 61.66 NOTE
r-devel-linux-x86_64-debian-gcc 4.1-11 7.13 44.56 51.69 NOTE
r-devel-linux-x86_64-fedora-clang 4.1-11 76.59 NOTE
r-devel-linux-x86_64-fedora-gcc 4.1-11 76.81 NOTE
r-devel-windows-ix86+x86_64 4.1-11 47.00 119.00 166.00 OK
r-patched-solaris-x86 4.1-11 OK
r-release-linux-x86_64 4.1-11 6.72 56.76 63.48 NOTE
r-release-windows-ix86+x86_64 4.1-11 62.00 137.00 199.00 OK
r-release-osx-x86_64 4.1-11 OK
r-oldrel-windows-ix86+x86_64 4.1-11 63.00 105.00 168.00 OK
r-oldrel-osx-x86_64 4.1-11 OK

Check Details

Version: 4.1-11
Check: top-level files
Result: NOTE
    Non-standard file/directory found at top level:
     ‘Changelog.TMT’
Flavors: r-devel-linux-x86_64-debian-clang, r-devel-linux-x86_64-debian-gcc, r-devel-linux-x86_64-fedora-clang, r-devel-linux-x86_64-fedora-gcc, r-release-linux-x86_64