CRAN Package Check Results for Package rpart

Last updated on 2017-09-19 14:47:28.

Flavor Version Tinstall Tcheck Ttotal Status Flags
r-devel-linux-x86_64-debian-clang 4.1-11 21.15 28.40 49.54 ERROR
r-devel-linux-x86_64-debian-gcc 4.1-11 8.12 34.10 42.23 NOTE
r-devel-linux-x86_64-fedora-clang 4.1-11 82.84 NOTE
r-devel-linux-x86_64-fedora-gcc 4.1-11 80.21 NOTE
r-devel-windows-ix86+x86_64 4.1-11 42.00 115.00 157.00 OK
r-patched-linux-x86_64 4.1-11 18.89 34.68 53.57 NOTE
r-patched-solaris-x86 4.1-11 OK
r-release-linux-x86_64 4.1-11 9.09 35.61 44.69 NOTE
r-release-windows-ix86+x86_64 4.1-11 43.00 86.00 129.00 OK
r-release-osx-x86_64 4.1-11 OK
r-oldrel-windows-ix86+x86_64 4.1-11 43.00 73.00 116.00 OK
r-oldrel-osx-x86_64 4.1-11 OK

Check Details

Version: 4.1-11
Check: top-level files
Result: NOTE
    Non-standard file/directory found at top level:
     ‘Changelog.TMT’
Flavors: r-devel-linux-x86_64-debian-clang, r-devel-linux-x86_64-debian-gcc, r-devel-linux-x86_64-fedora-clang, r-devel-linux-x86_64-fedora-gcc, r-patched-linux-x86_64, r-release-linux-x86_64

Version: 4.1-11
Check: tests
Result: ERROR
     Running ‘backticks.R’ [0s/0s]
    Running the tests in ‘tests/backticks.R’ failed.
    Complete output:
     > ## allow backticks in rpart.matrix: see
     > ## https://stat.ethz.ch/pipermail/r-help/2012-May/314081.html
     >
     > library(rpart)
     > Iris <- iris
     > names(Iris) <- sub(".", " ", names(iris), fixed=TRUE)
     > rpart(Species ~ `Sepal Length`, data = Iris)
     Error in `[.data.frame`(m, labs) : undefined columns selected
     Calls: rpart -> unlist -> lapply -> [ -> [.data.frame
     Execution halted
Flavor: r-devel-linux-x86_64-debian-clang