CRAN Package Check Results for Package rpart

Last updated on 2017-11-17 13:47:32.

Flavor Version Tinstall Tcheck Ttotal Status Flags
r-devel-linux-x86_64-debian-clang 4.1-11 20.97 36.39 57.37 NOTE
r-devel-linux-x86_64-debian-gcc 4.1-11 24.93 36.76 61.68 NOTE
r-devel-linux-x86_64-fedora-clang 4.1-11 82.53 NOTE
r-devel-linux-x86_64-fedora-gcc 4.1-11 90.26 NOTE
r-devel-windows-ix86+x86_64 4.1-11 66.00 114.00 180.00 OK
r-patched-linux-x86_64 4.1-11 12.21 35.72 47.93 NOTE
r-patched-solaris-x86 4.1-11 OK
r-release-linux-x86_64 4.1-11 6.87 36.11 42.98 NOTE
r-release-windows-ix86+x86_64 4.1-11 45.00 111.00 156.00 OK
r-release-osx-x86_64 4.1-11 OK
r-oldrel-windows-ix86+x86_64 4.1-11 43.00 100.00 143.00 OK
r-oldrel-osx-x86_64 4.1-11 OK

Check Details

Version: 4.1-11
Check: top-level files
Result: NOTE
    Non-standard file/directory found at top level:
     ‘Changelog.TMT’
Flavors: r-devel-linux-x86_64-debian-clang, r-devel-linux-x86_64-debian-gcc, r-devel-linux-x86_64-fedora-clang, r-devel-linux-x86_64-fedora-gcc, r-patched-linux-x86_64, r-release-linux-x86_64