CRAN Package Check Results for Package flacco

Last updated on 2019-01-15 15:50:18 CET.

Flavor Version Tinstall Tcheck Ttotal Status Flags
r-devel-linux-x86_64-debian-clang 1.7 7.66 109.96 117.62 OK
r-devel-linux-x86_64-debian-gcc 1.7 8.21 83.16 91.37 OK
r-devel-linux-x86_64-fedora-clang 1.7 143.70 OK
r-devel-linux-x86_64-fedora-gcc 1.7 128.08 OK
r-devel-windows-ix86+x86_64 1.7 15.00 113.00 128.00 OK
r-patched-linux-x86_64 1.7 6.29 97.87 104.16 OK
r-patched-solaris-x86 1.7 197.80 OK
r-release-linux-x86_64 1.7 8.51 99.52 108.03 OK
r-release-windows-ix86+x86_64 1.7 25.00 110.00 135.00 WARN
r-release-osx-x86_64 1.7 OK
r-oldrel-windows-ix86+x86_64 1.7 16.00 126.00 142.00 OK
r-oldrel-osx-x86_64 1.7 OK

Check Details

Version: 1.7
Check: whether package can be installed
Result: WARN
    Found the following significant warnings:
     Warning: S3 methods '[.fun_list', '[.grouped_df', 'all.equal.tbl_df', 'anti_join.data.frame', 'anti_join.tbl_df', 'arrange.data.frame', 'arrange.default', 'arrange.grouped_df', 'arrange.tbl_df', 'arrange_.data.frame', 'arrange_.tbl_df', 'as.data.frame.grouped_df', 'as.data.frame.rowwise_df', 'as.data.frame.tbl_cube', 'as.table.tbl_cube', 'as.tbl.data.frame', 'as.tbl.tbl', 'as.tbl_cube.array', 'as.tbl_cube.data.frame', 'as.tbl_cube.matrix', 'as.tbl_cube.table', 'as_tibble.grouped_df', 'as_tibble.tbl_cube', 'auto_copy.tbl_cube', 'auto_copy.tbl_df', 'cbind.grouped_df', 'collapse.data.frame', 'collect.data.frame', 'common_by.NULL', 'common_by.character', 'common_by.default', 'common_by.list', 'compute.data.frame', 'copy_to.DBIConnection', 'copy_to.src_local', 'default_missing.data.frame', 'default_missing.default', 'dim.tbl_cube', 'distinct.data.frame', 'distinct.default', 'distinct.grouped_df', 'distinct.tbl_df', 'distinct_.data.frame', 'distinct_.grouped_df', 'distinct_.tbl_df', 'do.NULL', 'do.da [... truncated]
Flavor: r-release-windows-ix86+x86_64