CRAN Package Check Results for Package caret

Last updated on 2015-04-17 15:48:10.

Flavor Version Tinstall Tcheck Ttotal Status Flags
r-devel-linux-x86_64-debian-clang 6.0-41 5.98 404.62 410.60 NOTE
r-devel-linux-x86_64-debian-gcc 6.0-41 6.30 404.49 410.78 NOTE
r-devel-linux-x86_64-fedora-clang 6.0-41 866.80 NOTE
r-devel-linux-x86_64-fedora-gcc 6.0-41 833.09 NOTE
r-devel-osx-x86_64-clang 6.0-41 619.04 NOTE
r-prerel-windows-ix86+x86_64 6.0-41 19.00 147.00 166.00 NOTE --no-vignettes
r-prerel-linux-x86_64 6.0-41 6.19 414.07 420.26 NOTE
r-prerel-solaris-sparc 6.0-41 1295.80 NOTE --no-vignettes
r-prerel-solaris-x86 6.0-41 1070.30 NOTE
r-release-linux-x86_64 6.0-41 9.17 513.58 522.74 NOTE
r-release-osx-x86_64-mavericks 6.0-41 ERROR
r-release-osx-x86_64-snowleopard 6.0-41 OK
r-release-windows-ix86+x86_64 6.0-41 25.00 203.00 228.00 NOTE --no-vignettes
r-oldrel-windows-ix86+x86_64 6.0-41 35.00 283.00 318.00 OK --no-vignettes

Check Details

Version: 6.0-41
Check: DESCRIPTION meta-information
Result: NOTE
    Malformed Description field: should contain one or more complete sentences.
Flavors: r-devel-linux-x86_64-debian-clang, r-devel-linux-x86_64-debian-gcc, r-devel-linux-x86_64-fedora-clang, r-devel-linux-x86_64-fedora-gcc, r-devel-osx-x86_64-clang, r-prerel-linux-x86_64, r-prerel-solaris-x86

Version: 6.0-41
Check: dependencies in R code
Result: NOTE
    'library' or 'require' calls in package code:
     ‘MASS’ ‘earth’ ‘fastICA’ ‘ipred’ ‘klaR’ ‘nnet’ ‘pROC’ ‘party’ ‘proxy’
     Please use :: or requireNamespace() instead.
     See section 'Suggested packages' in the 'Writing R Extensions' manual.
Flavors: r-devel-linux-x86_64-debian-clang, r-devel-linux-x86_64-debian-gcc, r-devel-linux-x86_64-fedora-clang, r-devel-linux-x86_64-fedora-gcc, r-devel-osx-x86_64-clang, r-prerel-linux-x86_64, r-prerel-solaris-x86, r-release-linux-x86_64

Version: 6.0-41
Check: S3 generic/method consistency
Result: NOTE
    Found the following apparent S3 methods exported but not registered:
     bagEarth.formula bagFDA.formula knn3.data.frame knn3.formula
     knn3.matrix knnreg.data.frame knnreg.matrix spatialSign.data.frame
     spatialSign.matrix
    See section ‘Registering S3 methods’ in the ‘Writing R Extensions’
    manual.
Flavors: r-devel-linux-x86_64-debian-clang, r-devel-linux-x86_64-debian-gcc, r-devel-linux-x86_64-fedora-clang, r-devel-linux-x86_64-fedora-gcc, r-devel-osx-x86_64-clang, r-prerel-linux-x86_64

Version: 6.0-41
Flags: --no-vignettes
Check: DESCRIPTION meta-information
Result: NOTE
    Malformed Description field: should contain one or more complete sentences.
Flavors: r-prerel-windows-ix86+x86_64, r-prerel-solaris-sparc

Version: 6.0-41
Flags: --no-vignettes
Check: dependencies in R code
Result: NOTE
    'library' or 'require' calls in package code:
     'MASS' 'earth' 'fastICA' 'ipred' 'klaR' 'nnet' 'pROC' 'party' 'proxy'
     Please use :: or requireNamespace() instead.
     See section 'Suggested packages' in the 'Writing R Extensions' manual.
Flavors: r-prerel-windows-ix86+x86_64, r-prerel-solaris-sparc, r-release-windows-ix86+x86_64

Version: 6.0-41
Check: re-building of vignette outputs
Result: NOTE
    Error in re-building vignettes:
     ...
    Attaching package: ‘pROC’
    
    The following objects are masked from ‘package:stats’:
    
     cov, smooth, var
    
    
    Attaching package: ‘pls’
    
    The following object is masked from ‘package:caret’:
    
     R2
    
    The following object is masked from ‘package:stats’:
    
     loadings
    
    Warning: namespace 'compiler' is not available and has been replaced
    by .GlobalEnv when processing object 'models'
    
    Error: processing vignette 'caret.Rnw' failed with diagnostics:
     chunk 6 (label = plsFit)
    Error in comp(expr, env = envir, options = list(suppressUndefined = TRUE)) :
     could not find function "makeCenv"
    Execution halted
Flavor: r-release-osx-x86_64-mavericks

Version: 6.0-41
Check: PDF version of manual
Result: WARN
    LaTeX errors when creating PDF version.
    This typically indicates Rd problems.
Flavor: r-release-osx-x86_64-mavericks

Version: 6.0-41
Check: PDF version of manual without hyperrefs or index
Result: ERROR
    Re-running with no redirection of stdout/stderr.
Flavor: r-release-osx-x86_64-mavericks