CRAN Package Check Results for Package caret

Last updated on 2017-02-17 08:49:11.

Flavor Version Tinstall Tcheck Ttotal Status Flags
r-devel-linux-x86_64-debian-clang 6.0-73 6.35 149.87 156.21 NOTE
r-devel-linux-x86_64-debian-gcc 6.0-73 6.33 146.46 152.79 NOTE
r-devel-linux-x86_64-fedora-clang 6.0-73 296.48 NOTE --no-stop-on-test-error
r-devel-linux-x86_64-fedora-gcc 6.0-73 291.98 NOTE --no-stop-on-test-error
r-devel-macos-x86_64-clang 6.0-73 228.51 NOTE --no-stop-on-test-error
r-devel-windows-ix86+x86_64 6.0-73 20.00 367.00 387.00 NOTE --no-vignettes
r-patched-linux-x86_64 6.0-73 6.03 128.54 134.57 OK
r-patched-solaris-sparc 6.0-73 1505.50 NOTE --no-vignettes
r-patched-solaris-x86 6.0-73 313.10 NOTE
r-release-linux-x86_64 6.0-73 6.14 127.79 133.93 OK
r-release-osx-x86_64-mavericks 6.0-73 NOTE
r-release-windows-ix86+x86_64 6.0-73 19.00 247.00 266.00 NOTE --no-vignettes
r-oldrel-windows-ix86+x86_64 6.0-73 21.00 280.00 301.00 NOTE --no-vignettes

Check Details

Version: 6.0-73
Check: compiled code
Result: NOTE
    File ‘caret/libs/caret.so’:
     Found no call to: ‘R_useDynamicSymbols’
    
    It is good practice to use registered native symbols and to disable
    symbol search.
    
    See ‘Writing portable packages’ in the ‘Writing R Extensions’ manual.
Flavor: r-devel-linux-x86_64-debian-clang

Version: 6.0-73
Check: compiled code
Result: NOTE
    File ‘caret/libs/caret.so’:
     Found no call to: ‘R_useDynamicSymbols’
    
    It is good practice to register native routines and to disable symbol
    search.
    
    See ‘Writing portable packages’ in the ‘Writing R Extensions’ manual.
Flavor: r-devel-linux-x86_64-debian-gcc

Version: 6.0-73
Flags: --no-stop-on-test-error
Check: installed package size
Result: NOTE
     installed size is 5.1Mb
     sub-directories of 1Mb or more:
     data 1.5Mb
     models 2.2Mb
Flavors: r-devel-linux-x86_64-fedora-clang, r-devel-linux-x86_64-fedora-gcc, r-devel-macos-x86_64-clang

Version: 6.0-73
Flags: --no-stop-on-test-error
Check: compiled code
Result: NOTE
    File ‘caret/libs/caret.so’:
     Found no call to: ‘R_useDynamicSymbols’
    
    It is good practice to register native routines and to disable symbol
    search.
    
    See ‘Writing portable packages’ in the ‘Writing R Extensions’ manual.
Flavors: r-devel-linux-x86_64-fedora-clang, r-devel-linux-x86_64-fedora-gcc, r-devel-macos-x86_64-clang

Version: 6.0-73
Flags: --no-vignettes
Check: installed package size
Result: NOTE
     installed size is 5.0Mb
     sub-directories of 1Mb or more:
     data 1.5Mb
     models 2.2Mb
Flavors: r-devel-windows-ix86+x86_64, r-patched-solaris-sparc, r-release-windows-ix86+x86_64, r-oldrel-windows-ix86+x86_64

Version: 6.0-73
Check: installed package size
Result: NOTE
     installed size is 5.6Mb
     sub-directories of 1Mb or more:
     data 1.8Mb
     models 2.3Mb
Flavors: r-patched-solaris-x86, r-release-osx-x86_64-mavericks