CRAN Package Check Results for Package caret

Last updated on 2014-10-28 11:48:32.

Flavor Version Tinstall Tcheck Ttotal Status Flags
r-devel-linux-x86_64-debian-clang 6.0-35 7.26 439.75 447.01 OK
r-devel-linux-x86_64-debian-gcc 6.0-35 7.34 422.96 430.29 OK
r-devel-linux-x86_64-fedora-clang 6.0-35 1066.23 OK
r-devel-linux-x86_64-fedora-gcc 6.0-35 936.57 OK
r-devel-osx-x86_64-clang 6.0-35 690.74 OK
r-devel-windows-ix86+x86_64 6.0-35 21.00 659.00 680.00 OK
r-patched-linux-x86_64 6.0-35 7.73 477.90 485.64 OK
r-patched-solaris-sparc 6.0-35 1263.50 OK --no-vignettes
r-patched-solaris-x86 6.0-35 1114.50 NOTE
r-release-linux-ix86 6.0-35 9.14 648.72 657.86 OK
r-release-linux-x86_64 6.0-35 7.49 462.30 469.79 OK
r-release-osx-x86_64-mavericks 6.0-35 NOTE
r-release-osx-x86_64-snowleopard 6.0-35 OK
r-release-windows-ix86+x86_64 6.0-35 21.00 713.00 734.00 OK
r-oldrel-windows-ix86+x86_64 6.0-35 22.00 687.00 709.00 OK

Check Details

Version: 6.0-35
Check: re-building of vignette outputs
Result: NOTE
    Error in re-building vignettes:
     ...
    The following object is masked from ‘package:caret’:
    
     R2
    
    The following object is masked from ‘package:stats’:
    
     loadings
    
    Loading required package: klaR
    Loading required package: MASS
    Error in texi2dvi(file = file, pdf = TRUE, clean = clean, quiet = quiet, :
     Running 'texi2dvi' on 'caret.tex' failed.
    LaTeX errors:
    ! Undefined control sequence.
    l.137 \RestyleAlgo
     {plain}
    The control sequence at the end of the top line
    of your error message was never \def'ed. If you have
    ! Undefined control sequence.
    l.138 \DontPrintSemicolon
    
    The control sequence at the end of the top line
    of your error message was never \def'ed. If you have
    Calls: buildVignettes -> texi2pdf -> texi2dvi
    Execution halted
Flavor: r-patched-solaris-x86

Version: 6.0-35
Check: re-building of vignette outputs
Result: NOTE
    Error in re-building vignettes:
     ...
    
    Attaching package: ‘pls’
    
    The following object is masked from ‘package:caret’:
    
     R2
    
    The following object is masked from ‘package:stats’:
    
     loadings
    
    Loading required package: klaR
    Loading required package: MASS
    Error in texi2dvi(file = file, pdf = TRUE, clean = clean, quiet = quiet, :
     Running 'texi2dvi' on 'caret.tex' failed.
    LaTeX errors:
    ! LaTeX Error: File `lastpage.sty' not found.
    
    Type X to quit or <RETURN> to proceed,
    or enter new name. (Default extension: sty)
    
    est/caret/vignettes/caret.tex:13: ==> Fatal error occurred, no output PDF file
     produced!
    Calls: buildVignettes -> texi2pdf -> texi2dvi
    Execution halted
Flavor: r-release-osx-x86_64-mavericks