CRAN Package Check Results for Package caret

Last updated on 2017-03-24 13:54:56.

Flavor Version Tinstall Tcheck Ttotal Status Flags
r-devel-linux-x86_64-debian-clang 6.0-73 6.44 146.60 153.04 NOTE
r-devel-linux-x86_64-debian-gcc 6.0-73 6.21 141.40 147.60 NOTE
r-devel-linux-x86_64-fedora-clang 6.0-73 311.92 NOTE --no-stop-on-test-error
r-devel-linux-x86_64-fedora-gcc 6.0-73 291.87 NOTE --no-stop-on-test-error
r-devel-macos-x86_64-clang 6.0-73 229.10 NOTE --no-stop-on-test-error
r-patched-linux-x86_64 6.0-73 6.04 126.26 132.29 OK
r-patched-solaris-sparc 6.0-73 1569.20 NOTE --no-vignettes
r-patched-solaris-x86 6.0-73 369.60 NOTE
r-release-linux-x86_64 6.0-73 6.05 127.37 133.42 OK
r-release-osx-x86_64-mavericks 6.0-73 NOTE
r-release-windows-ix86+x86_64 6.0-73 20.00 233.00 253.00 NOTE --no-vignettes
r-oldrel-windows-ix86+x86_64 6.0-73 22.00 342.00 364.00 NOTE --no-vignettes

Check Details

Version: 6.0-73
Check: compiled code
Result: NOTE
    File ‘caret/libs/caret.so’:
     Found no call to: ‘R_useDynamicSymbols’
    
    It is good practice to register native routines and to disable symbol
    search.
    
    See ‘Writing portable packages’ in the ‘Writing R Extensions’ manual.
Flavors: r-devel-linux-x86_64-debian-clang, r-devel-linux-x86_64-debian-gcc

Version: 6.0-73
Flags: --no-stop-on-test-error
Check: installed package size
Result: NOTE
     installed size is 5.1Mb
     sub-directories of 1Mb or more:
     data 1.5Mb
     models 2.2Mb
Flavors: r-devel-linux-x86_64-fedora-clang, r-devel-linux-x86_64-fedora-gcc, r-devel-macos-x86_64-clang

Version: 6.0-73
Flags: --no-stop-on-test-error
Check: compiled code
Result: NOTE
    File ‘caret/libs/caret.so’:
     Found no call to: ‘R_useDynamicSymbols’
    
    It is good practice to register native routines and to disable symbol
    search.
    
    See ‘Writing portable packages’ in the ‘Writing R Extensions’ manual.
Flavors: r-devel-linux-x86_64-fedora-clang, r-devel-linux-x86_64-fedora-gcc, r-devel-macos-x86_64-clang

Version: 6.0-73
Flags: --no-vignettes
Check: installed package size
Result: NOTE
     installed size is 5.6Mb
     sub-directories of 1Mb or more:
     data 1.8Mb
     models 2.3Mb
Flavors: r-patched-solaris-sparc, r-release-windows-ix86+x86_64, r-oldrel-windows-ix86+x86_64

Version: 6.0-73
Check: installed package size
Result: NOTE
     installed size is 5.6Mb
     sub-directories of 1Mb or more:
     data 1.8Mb
     models 2.3Mb
Flavors: r-patched-solaris-x86, r-release-osx-x86_64-mavericks