CRAN Package Check Results for Package caret

Last updated on 2014-08-01 13:46:55.

Flavor Version Tinstall Tcheck Ttotal Status Flags
r-devel-linux-x86_64-debian-clang 6.0-30 8.01 472.89 480.90 OK
r-devel-linux-x86_64-debian-gcc 6.0-30 7.75 466.26 474.01 OK
r-devel-linux-x86_64-fedora-clang 6.0-30 1061.22 OK
r-devel-linux-x86_64-fedora-gcc 6.0-30 1014.73 OK
r-devel-osx-x86_64-clang 6.0-30 702.40 OK
r-devel-windows-ix86+x86_64 6.0-30 21.00 721.00 742.00 OK
r-patched-linux-x86_64 6.0-30 7.66 469.52 477.18 OK
r-patched-solaris-sparc 6.0-30 1389.60 OK --no-vignettes
r-patched-solaris-x86 6.0-30 1162.50 NOTE
r-release-linux-ix86 6.0-30 8.87 623.64 632.50 OK
r-release-linux-x86_64 6.0-30 7.74 463.60 471.34 OK
r-release-osx-x86_64-mavericks 6.0-30 NOTE
r-release-osx-x86_64-snowleopard 6.0-30 OK
r-release-windows-ix86+x86_64 6.0-30 33.00 989.00 1022.00 OK
r-oldrel-windows-ix86+x86_64 6.0-30 26.00 953.00 979.00 OK

Check Details

Version: 6.0-30
Check: re-building of vignette outputs
Result: NOTE
    Error in re-building vignettes:
     ...
    The following object is masked from package:caret :
    
     R2
    
    The following object is masked from package:stats :
    
     loadings
    
    Loading required package: klaR
    Loading required package: MASS
    Error in texi2dvi(file = file, pdf = TRUE, clean = clean, quiet = quiet, :
     Running 'texi2dvi' on 'caret.tex' failed.
    LaTeX errors:
    ! Undefined control sequence.
    l.137 \RestyleAlgo
     {plain}
    The control sequence at the end of the top line
    of your error message was never \def'ed. If you have
    ! Undefined control sequence.
    l.138 \DontPrintSemicolon
    
    The control sequence at the end of the top line
    of your error message was never \def'ed. If you have
    Calls: buildVignettes -> texi2pdf -> texi2dvi
    Execution halted
Flavor: r-patched-solaris-x86

Version: 6.0-30
Check: package dependencies
Result: NOTE
    Package suggested but not available for checking: affy
Flavor: r-release-osx-x86_64-mavericks

Version: 6.0-30
Check: R code for possible problems
Result: NOTE
    normalize.AffyBatch.normalize2Reference: no visible global function
     definition for pmindex
    normalize.AffyBatch.normalize2Reference: no visible global function
     definition for intensity
    normalize.AffyBatch.normalize2Reference: no visible global function
     definition for intensity<-
    normalize.AffyBatch.normalize2Reference: no visible global function
     definition for mmindex
    normalize.AffyBatch.normalize2Reference: no visible global function
     definition for indexProbes
Flavor: r-release-osx-x86_64-mavericks

Version: 6.0-30
Check: Rd cross-references
Result: NOTE
    Package unavailable to check Rd xrefs: affy
Flavor: r-release-osx-x86_64-mavericks

Version: 6.0-30
Check: re-building of vignette outputs
Result: NOTE
    Error in re-building vignettes:
     ...
    
    Attaching package: pls
    
    The following object is masked from package:caret :
    
     R2
    
    The following object is masked from package:stats :
    
     loadings
    
    Loading required package: klaR
    Loading required package: MASS
    Error in texi2dvi(file = file, pdf = TRUE, clean = clean, quiet = quiet, :
     Running 'texi2dvi' on 'caret.tex' failed.
    LaTeX errors:
    ! LaTeX Error: File `lastpage.sty' not found.
    
    Type X to quit or <RETURN> to proceed,
    or enter new name. (Default extension: sty)
    
    est/caret/vignettes/caret.tex:13: ==> Fatal error occurred, no output PDF file
     produced!
    Calls: buildVignettes -> texi2pdf -> texi2dvi
    Execution halted
Flavor: r-release-osx-x86_64-mavericks