CRAN Package Check Results for Package caret

Last updated on 2015-05-22 13:46:45.

Flavor Version Tinstall Tcheck Ttotal Status Flags
r-devel-linux-x86_64-debian-clang 6.0-47 6.14 401.70 407.84 OK
r-devel-linux-x86_64-debian-gcc 6.0-47 5.90 404.14 410.03 OK
r-devel-linux-x86_64-fedora-clang ERROR
r-devel-linux-x86_64-fedora-gcc 6.0-47 819.58 OK
r-devel-osx-x86_64-clang 6.0-47 648.50 OK
r-devel-windows-ix86+x86_64 6.0-47 24.00 157.00 181.00 OK --no-vignettes
r-patched-linux-x86_64 6.0-47 5.91 417.44 423.35 OK
r-patched-solaris-sparc 6.0-47 1131.50 OK --no-vignettes
r-patched-solaris-x86 6.0-47 977.20 OK
r-release-linux-x86_64 6.0-47 6.26 416.04 422.30 OK
r-release-osx-x86_64-mavericks 6.0-47 OK
r-release-osx-x86_64-snowleopard 6.0-47 OK
r-release-windows-ix86+x86_64 6.0-47 23.00 160.00 183.00 OK --no-vignettes
r-oldrel-windows-ix86+x86_64 6.0-47 29.00 331.00 360.00 OK --no-vignettes

Check Details

Version: 6.0-47
Check: for sufficient/correct file permissions
Result: ERROR
    Found the following files with insufficient permissions:
     NA
    Permissions should be at least 700 for directories and 400 for files.
    Please fix permissions and try again.
     OK
Flavor: r-devel-linux-x86_64-fedora-clang

Version: 6.0-47
Check: whether package can be installed
Result: ERROR
    Installation failed.
Flavor: r-devel-linux-x86_64-fedora-clang