CRAN Package Check Results for Package caret

Last updated on 2014-12-19 12:48:13.

Flavor Version Tinstall Tcheck Ttotal Status Flags
r-devel-linux-x86_64-debian-clang 6.0-37 7.43 435.15 442.58 OK
r-devel-linux-x86_64-debian-gcc 6.0-37 7.44 419.85 427.29 OK
r-devel-linux-x86_64-fedora-clang 6.0-37 959.93 OK
r-devel-linux-x86_64-fedora-gcc 6.0-37 793.55 OK
r-devel-osx-x86_64-clang 6.0-37 691.50 OK
r-devel-windows-ix86+x86_64 6.0-37 24.00 686.00 710.00 OK
r-patched-linux-x86_64 6.0-37 7.62 459.22 466.84 OK
r-patched-solaris-sparc 6.0-37 1288.50 OK --no-vignettes
r-patched-solaris-x86 6.0-37 1135.40 NOTE
r-release-linux-ix86 6.0-37 8.82 605.79 614.60 OK
r-release-linux-x86_64 6.0-37 7.69 468.18 475.87 OK
r-release-osx-x86_64-mavericks 6.0-37 NOTE
r-release-osx-x86_64-snowleopard 6.0-37 OK
r-release-windows-ix86+x86_64 6.0-37 25.00 733.00 758.00 OK
r-oldrel-windows-ix86+x86_64 6.0-37 24.00 695.00 719.00 OK

Check Details

Version: 6.0-37
Check: re-building of vignette outputs
Result: NOTE
    Error in re-building vignettes:
     ...
    The following object is masked from ‘package:caret’:
    
     R2
    
    The following object is masked from ‘package:stats’:
    
     loadings
    
    Loading required package: klaR
    Loading required package: MASS
    Error in texi2dvi(file = file, pdf = TRUE, clean = clean, quiet = quiet, :
     Running 'texi2dvi' on 'caret.tex' failed.
    LaTeX errors:
    ! Undefined control sequence.
    l.137 \RestyleAlgo
     {plain}
    The control sequence at the end of the top line
    of your error message was never \def'ed. If you have
    ! Undefined control sequence.
    l.138 \DontPrintSemicolon
    
    The control sequence at the end of the top line
    of your error message was never \def'ed. If you have
    Calls: buildVignettes -> texi2pdf -> texi2dvi
    Execution halted
Flavor: r-patched-solaris-x86

Version: 6.0-37
Check: re-building of vignette outputs
Result: NOTE
    Error in re-building vignettes:
     ...
    
    Attaching package: ‘pls’
    
    The following object is masked from ‘package:caret’:
    
     R2
    
    The following object is masked from ‘package:stats’:
    
     loadings
    
    Loading required package: klaR
    Loading required package: MASS
    Error in texi2dvi(file = file, pdf = TRUE, clean = clean, quiet = quiet, :
     Running 'texi2dvi' on 'caret.tex' failed.
    LaTeX errors:
    ! LaTeX Error: File `lastpage.sty' not found.
    
    Type X to quit or <RETURN> to proceed,
    or enter new name. (Default extension: sty)
    
    est/caret/vignettes/caret.tex:13: ==> Fatal error occurred, no output PDF file
     produced!
    Calls: buildVignettes -> texi2pdf -> texi2dvi
    Execution halted
Flavor: r-release-osx-x86_64-mavericks