CRAN Package Check Results for Package caret

Last updated on 2017-10-20 13:47:53.

Flavor Version Tinstall Tcheck Ttotal Status Flags
r-devel-linux-x86_64-debian-clang 6.0-77 8.11 185.17 193.28 OK
r-devel-linux-x86_64-debian-gcc 6.0-77 9.10 185.47 194.58 OK
r-devel-linux-x86_64-fedora-clang 6.0-77 367.52 NOTE
r-devel-linux-x86_64-fedora-gcc 6.0-77 409.11 NOTE
r-devel-windows-ix86+x86_64 6.0-77 36.00 351.00 387.00 NOTE --no-vignettes
r-patched-linux-x86_64 6.0-77 7.70 176.52 184.22 OK
r-patched-solaris-x86 6.0-77 453.20 NOTE
r-release-linux-x86_64 6.0-77 8.03 178.84 186.86 OK
r-release-windows-ix86+x86_64 6.0-77 36.00 344.00 380.00 NOTE --no-vignettes
r-release-osx-x86_64 6.0-77 NOTE
r-oldrel-windows-ix86+x86_64 6.0-77 54.00 415.00 469.00 NOTE --no-vignettes
r-oldrel-osx-x86_64 6.0-77 NOTE

Check Details

Version: 6.0-77
Check: installed package size
Result: NOTE
     installed size is 5.3Mb
     sub-directories of 1Mb or more:
     data 1.5Mb
     models 2.4Mb
Flavors: r-devel-linux-x86_64-fedora-clang, r-devel-linux-x86_64-fedora-gcc, r-patched-solaris-x86, r-release-osx-x86_64, r-oldrel-osx-x86_64

Version: 6.0-77
Flags: --no-vignettes
Check: installed package size
Result: NOTE
     installed size is 5.2Mb
     sub-directories of 1Mb or more:
     data 1.5Mb
     models 2.4Mb
Flavors: r-devel-windows-ix86+x86_64, r-release-windows-ix86+x86_64, r-oldrel-windows-ix86+x86_64