CRAN Package Check Results for Package caret

Last updated on 2016-08-26 12:48:58.

Flavor Version Tinstall Tcheck Ttotal Status Flags
r-devel-linux-x86_64-debian-clang 6.0-71 6.47 118.92 125.39 OK
r-devel-linux-x86_64-debian-gcc 6.0-71 8.51 149.74 158.25 OK
r-devel-linux-x86_64-fedora-clang 6.0-71 237.86 OK
r-devel-linux-x86_64-fedora-gcc 6.0-71 231.74 OK
r-devel-osx-x86_64-clang 6.0-71 190.29 OK
r-devel-windows-ix86+x86_64 6.0-71 27.00 196.00 223.00 OK --no-vignettes
r-patched-linux-x86_64 6.0-71 6.10 114.93 121.03 OK
r-patched-solaris-sparc 6.0-71 1212.60 NOTE --no-vignettes
r-patched-solaris-x86 6.0-71 275.30 NOTE
r-release-linux-x86_64 6.0-71 6.16 116.37 122.53 OK
r-release-osx-x86_64-mavericks 6.0-71 OK
r-release-windows-ix86+x86_64 6.0-71 18.00 189.00 207.00 OK --no-vignettes
r-oldrel-windows-ix86+x86_64 6.0-71 20.00 285.00 305.00 OK --no-vignettes

Check Details

Version: 6.0-71
Flags: --no-vignettes
Check: installed package size
Result: NOTE
     installed size is 5.6Mb
     sub-directories of 1Mb or more:
     data 1.8Mb
     models 2.3Mb
Flavor: r-patched-solaris-sparc

Version: 6.0-71
Check: installed package size
Result: NOTE
     installed size is 5.6Mb
     sub-directories of 1Mb or more:
     data 1.8Mb
     models 2.3Mb
Flavor: r-patched-solaris-x86