CRAN Package Check Results for Package caret

Last updated on 2016-07-26 13:48:51.

Flavor Version Tinstall Tcheck Ttotal Status Flags
r-devel-linux-x86_64-debian-clang 6.0-70 7.39 128.12 135.51 OK
r-devel-linux-x86_64-debian-gcc 6.0-70 8.54 131.97 140.50 OK
r-devel-linux-x86_64-fedora-clang 6.0-70 228.91 OK
r-devel-linux-x86_64-fedora-gcc 6.0-70 216.12 OK
r-devel-osx-x86_64-clang 6.0-70 185.25 OK
r-devel-windows-ix86+x86_64 6.0-70 25.00 269.00 294.00 OK --no-vignettes
r-patched-linux-x86_64 6.0-70 7.47 130.30 137.77 OK
r-patched-solaris-sparc 6.0-70 1236.60 NOTE --no-vignettes
r-patched-solaris-x86 6.0-70 246.80 NOTE
r-release-linux-x86_64 6.0-70 7.82 129.15 136.96 OK
r-release-osx-x86_64-mavericks 6.0-70 OK
r-release-windows-ix86+x86_64 6.0-70 25.00 266.00 291.00 OK --no-vignettes
r-oldrel-windows-ix86+x86_64 6.0-70 32.00 272.00 304.00 OK --no-vignettes

Check Details

Version: 6.0-70
Flags: --no-vignettes
Check: installed package size
Result: NOTE
     installed size is 5.5Mb
     sub-directories of 1Mb or more:
     data 1.8Mb
     models 2.1Mb
Flavor: r-patched-solaris-sparc

Version: 6.0-70
Check: installed package size
Result: NOTE
     installed size is 5.5Mb
     sub-directories of 1Mb or more:
     data 1.8Mb
     models 2.1Mb
Flavor: r-patched-solaris-x86