CRAN Package Check Results for Package caret

Last updated on 2017-12-15 14:48:30 CET.

Flavor Version Tinstall Tcheck Ttotal Status Flags
r-devel-linux-x86_64-debian-clang 6.0-78 9.52 299.19 308.71 OK
r-devel-linux-x86_64-debian-gcc 6.0-78 8.62 231.92 240.54 OK
r-devel-linux-x86_64-fedora-clang 6.0-78 349.05 NOTE
r-devel-linux-x86_64-fedora-gcc 6.0-78 344.00 NOTE
r-devel-windows-ix86+x86_64 6.0-78 25.00 510.00 535.00 NOTE --no-vignettes
r-patched-linux-x86_64 6.0-78 11.23 315.51 326.74 OK
r-patched-solaris-x86 6.0-78 447.90 NOTE
r-release-linux-x86_64 6.0-78 12.50 314.47 326.97 OK
r-release-windows-ix86+x86_64 6.0-78 22.00 316.00 338.00 NOTE --no-vignettes
r-release-osx-x86_64 6.0-78 NOTE
r-oldrel-windows-ix86+x86_64 6.0-78 31.00 323.00 354.00 NOTE --no-vignettes
r-oldrel-osx-x86_64 6.0-78 NOTE

Check Details

Version: 6.0-78
Check: installed package size
Result: NOTE
     installed size is 5.3Mb
     sub-directories of 1Mb or more:
     data 1.5Mb
     models 2.4Mb
Flavors: r-devel-linux-x86_64-fedora-clang, r-devel-linux-x86_64-fedora-gcc, r-patched-solaris-x86, r-release-osx-x86_64, r-oldrel-osx-x86_64

Version: 6.0-78
Flags: --no-vignettes
Check: installed package size
Result: NOTE
     installed size is 5.3Mb
     sub-directories of 1Mb or more:
     data 1.5Mb
     models 2.4Mb
Flavors: r-devel-windows-ix86+x86_64, r-release-windows-ix86+x86_64, r-oldrel-windows-ix86+x86_64