CRAN Package Check Results for Package caret

Last updated on 2016-04-29 11:48:23.

Flavor Version Tinstall Tcheck Ttotal Status Flags
r-devel-linux-x86_64-debian-gcc 6.0-68 6.15 114.54 120.69 OK
r-devel-linux-x86_64-fedora-clang 6.0-68 228.06 OK
r-devel-linux-x86_64-fedora-gcc 6.0-68 217.51 OK
r-devel-osx-x86_64-clang 6.0-68 255.88 OK
r-devel-windows-ix86+x86_64 6.0-68 19.00 228.00 247.00 OK --no-vignettes
r-patched-linux-x86_64 6.0-68 6.15 111.94 118.10 OK
r-patched-solaris-sparc 6.0-68 1131.10 NOTE --no-vignettes
r-patched-solaris-x86 6.0-68 273.10 NOTE
r-release-linux-x86_64 6.0-68 7.09 130.59 137.69 OK
r-release-osx-x86_64-mavericks 6.0-68 OK
r-release-windows-ix86+x86_64 6.0-68 20.00 212.00 232.00 OK --no-vignettes
r-oldrel-windows-ix86+x86_64 6.0-68 39.00 248.00 287.00 OK --no-vignettes

Check Details

Version: 6.0-68
Flags: --no-vignettes
Check: installed package size
Result: NOTE
     installed size is 5.5Mb
     sub-directories of 1Mb or more:
     data 1.8Mb
     models 2.1Mb
Flavor: r-patched-solaris-sparc

Version: 6.0-68
Check: installed package size
Result: NOTE
     installed size is 5.5Mb
     sub-directories of 1Mb or more:
     data 1.8Mb
     models 2.1Mb
Flavor: r-patched-solaris-x86