CRAN Package Check Results for Package caret

Last updated on 2018-05-18 21:49:26 CEST.

Flavor Version Tinstall Tcheck Ttotal Status Flags
r-devel-linux-x86_64-debian-clang 6.0-79 31.79 287.16 318.95 OK
r-devel-linux-x86_64-debian-gcc 6.0-79 28.35 219.67 248.02 OK
r-devel-linux-x86_64-fedora-clang 6.0-79 384.81 NOTE
r-devel-linux-x86_64-fedora-gcc 6.0-79 367.59 NOTE
r-devel-windows-ix86+x86_64 6.0-79 48.00 474.00 522.00 NOTE --no-vignettes
r-patched-linux-x86_64 6.0-79 24.67 260.13 284.80 OK
r-patched-solaris-x86 6.0-79 464.00 NOTE
r-release-linux-x86_64 6.0-79 26.17 259.04 285.21 OK
r-release-windows-ix86+x86_64 6.0-79 45.00 332.00 377.00 NOTE --no-vignettes
r-release-osx-x86_64 6.0-79 NOTE
r-oldrel-windows-ix86+x86_64 6.0-79 38.00 339.00 377.00 NOTE --no-vignettes
r-oldrel-osx-x86_64 6.0-79 NOTE

Check Details

Version: 6.0-79
Check: installed package size
Result: NOTE
     installed size is 6.4Mb
     sub-directories of 1Mb or more:
     R 1.0Mb
     data 1.5Mb
     models 2.4Mb
Flavors: r-devel-linux-x86_64-fedora-clang, r-devel-linux-x86_64-fedora-gcc, r-patched-solaris-x86, r-release-osx-x86_64, r-oldrel-osx-x86_64

Version: 6.0-79
Flags: --no-vignettes
Check: installed package size
Result: NOTE
     installed size is 6.4Mb
     sub-directories of 1Mb or more:
     R 1.0Mb
     data 1.5Mb
     models 2.4Mb
Flavors: r-devel-windows-ix86+x86_64, r-release-windows-ix86+x86_64, r-oldrel-windows-ix86+x86_64